99?
5399
What are the prime factors of 1003?
17, 59
What are the prime factors of 55972?
2, 7, 1999
What are the prime factors of 27658?
2, 13829
List the prime factors of 35917.
7, 733
List the prime factors of 450.
2, 3, 5
List the prime factors of 14502.
2, 3, 2417
List the prime factors of 812.
2, 7, 29
List the prime factors of 24873.
3, 8291
What are the prime factors of 1290?
2, 3, 5, 43
List the prime factors of 5065.
5, 1013
List the prime factors of 849.
3, 283
List the prime factors of 34140.
2, 3, 5, 569
List the prime factors of 31864.
2, 7, 569
List the prime factors of 37314.
2, 3, 691
What are the prime factors of 6496?
2, 7, 29
What are the prime factors of 38807?
151, 257
What are the prime factors of 22065?
3, 5, 1471
What are the prime factors of 11934?
2, 3, 13, 17
List the prime factors of 167.
167
List the prime factors of 420.
2, 3, 5, 7
What are the prime factors of 60253?
89, 677
What are the prime factors of 70833?
3, 7, 3373
What are the prime factors of 7731?
3, 859
List the prime factors of 1082.
2, 541
List the prime factors of 2762.
2, 1381
List the prime factors of 90251.
7, 12893
What are the prime factors of 18500?
2, 5, 37
List the prime factors of 54513.
3, 673
What are the prime factors of 1271?
31, 41
List the prime factors of 8979.
3, 41, 73
List the prime factors of 100869.
3, 33623
List the prime factors of 1156.
2, 17
What are the prime factors of 30217?
11, 41, 67
What are the prime factors of 4317?
3, 1439
What are the prime factors of 6140?
2, 5, 307
What are the prime factors of 13612?
2, 41, 83
What are the prime factors of 3962?
2, 7, 283
What are the prime factors of 1339?
13, 103
What are the prime factors of 442?
2, 13, 17
What are the prime factors of 483?
3, 7, 23
What are the prime factors of 1136?
2, 71
What are the prime factors of 11232?
2, 3, 13
What are the prime factors of 73003?
7, 10429
List the prime factors of 3240.
2, 3, 5
What are the prime factors of 147298?
2, 47, 1567
List the prime factors of 1007.
19, 53
List the prime factors of 20136.
2, 3, 839
What are the prime factors of 40894?
2, 7, 23, 127
List the prime factors of 655.
5, 131
What are the prime factors of 706?
2, 353
List the prime factors of 622.
2, 311
List the prime factors of 3432.
2, 3, 11, 13
List the prime factors of 29947.
29947
What are the prime factors of 37?
37
List the prime factors of 23404.
2, 5851
List the prime factors of 55360.
2, 5, 173
List the prime factors of 2311.
2311
List the prime factors of 69519.
3, 23173
List the prime factors of 215.
5, 43
What are the prime factors of 88071?
3, 31, 947
List the prime factors of 33447.
3, 11149
List the prime factors of 1252.
2, 313
List the prime factors of 22721.
22721
What are the prime factors of 4828?
2, 17, 71
What are the prime factors of 218?
2, 109
List the prime factors of 4759.
4759
List the prime factors of 806.
2, 13, 31
List the prime factors of 7949.
7949
What are the prime factors of 122505?
3, 5, 8167
List the prime factors of 9819.
3, 1091
List the prime factors of 269.
269
List the prime factors of 12366.
2, 3, 229
List the prime factors of 6176.
2, 193
What are the prime factors of 18679?
18679
What are the prime factors of 1229?
1229
What are the prime factors of 4397?
4397
What are the prime factors of 36217?
36217
List the prime factors of 71268.
2, 3, 5939
What are the prime factors of 15640?
2, 5, 17, 23
What are the prime factors of 18541?
18541
List the prime factors of 44118.
2, 3, 19, 43
List the prime factors of 26470.
2, 5, 2647
What are the prime factors of 337?
337
What are the prime factors of 181099?
97, 1867
What are the prime factors of 25979?
83, 313
List the prime factors of 6336.
2, 3, 11
List the prime factors of 15266.
2, 17, 449
List the prime factors of 1324.
2, 331
What are the prime factors of 12709?
71, 179
What are the prime factors of 1920?
2, 3, 5
What are the prime factors of 323?
17, 19
What are the prime factors of 13952?
2, 109
What are the prime factors of 36669?
3, 17, 719
List the prime factors of 411.
3, 137
What are the prime factors of 106?
2, 53
What are the prime factors of 148096?
2, 13, 89
List the prime factors of 977.
977
List the prime factors of 4438.
2, 7, 317
List the prime factors of 56602.
2, 7, 13, 311
List the prime factors of 73810.
2, 5, 11, 61
What are the prime factors of 22259?
22259
What are the prime factors of 20455?
5, 4091
List the prime factors of 124281.
3, 4603
What are the prime factors of 835?
5, 167
What are the prime factors of 3091?
11, 281
What are the prime factors of 1086?
2, 3, 181
List the prime factors of 14.
2, 7
What are the prime factors of 276?
2, 3, 23
List the prime factors of 78028.
2, 19507
List the prime factors of 2140.
2, 5, 107
List the prime factors of 708.
2, 3, 59
List the prime factors of 17398.
2, 8699
List the prime factors of 8562.
2, 3, 1427
What are the prime factors of 149133?
3, 49711
What are the prime factors of 96879?
3, 43, 751
What are the prime factors of 1389?
3, 463
What are the prime factors of 15070?
2, 5, 11, 137
List the prime factors of 8919.
3, 991
What are the prime factors of 979?
11, 89
List the prime factors of 369.
3, 41
What are the prime factors of 8215?
5, 31, 53
What are the prime factors of 508?
2, 127
List the prime factors of 2158.
2, 13, 83
What are the prime factors of 5650?
2, 5, 113
List the prime factors of 28505.
5, 5701
List the prime factors of 27057.
3, 29, 311
What are the prime factors of 716?
2, 179
List the prime factors of 6929.
13, 41
List the prime factors of 2364.
2, 3, 197
List the prime factors of 35562.
2, 3, 5927
List the prime factors of 2075.
5, 83
What are the prime factors of 43026?
2, 3, 71, 101
What are the prime factors of 5896?
2, 11, 67
What are the prime factors of 2469?
3, 823
List the prime factors of 44036.
2, 101, 109
List the prime factors of 155488.
2, 43, 113
What are the prime factors of 4656?
2, 3, 97
List the prime factors of 198.
2, 3, 11
List the prime factors of 12071.
12071
List the prime factors of 9673.
17, 569
List the prime factors of 12073.
12073
What are the prime factors of 61798?
2, 11, 53
What are the prime factors of 4224?
2, 3, 11
List the prime factors of 1277.
1277
What are the prime factors of 1072?
2, 67
List the prime factors of 1003.
17, 59
What are the prime factors of 6641?
29, 229
List the prime factors of 882.
2, 3, 7
What are the prime factors of 21187?
21187
List the prime factors of 1222.
2, 13, 47
List the prime factors of 23320.
2, 5, 11, 53
What are the prime factors of 933?
3, 311
List the prime factors of 13372.
2, 3343
List the prime factors of 14734.
2, 53, 139
What are the prime factors of 598?
2, 13, 23
List the prime factors of 14792.
2, 43
What are the prime factors of 1609?
1609
List the prime factors of 446.
2, 223
List the prime factors of 13099.
13099
What are the prime factors of 19304?
2, 19, 127
What are the prime factors of 1050?
2, 3, 5, 7
List the prime factors of 5539.
29, 191
List the prime factors of 3881.
3881
List the prime factors of 711.
3, 79
What are the prime factors of 6810?
2, 3, 5, 227
List the prime factors of 8397.
3, 311
List the prime factors of 7553.
7, 13, 83
What are the prime factors of 34129?
34129
List the prime factors of 1402.
2, 701
What are the prime factors of 23371?
23371
List the prime factors of 23223.
3, 7741
List the prime factors of 1799.
7, 257
List the prime factors of 19103.
7, 2729
List the prime factors of 9424.
2, 19, 31
What are the prime factors of 873?
3, 97
What are the prime factors of 6706?
2, 7, 479
List the prime factors of 6161.
61, 101
What are the prime factors of 20558?
2, 19, 541
What are the prime factors of 6228?
2, 3, 173
List the prime factors of 1248.
2, 3, 13
List the prime factors of 2948.
2, 11, 67
What are the prime factors of 437?
19, 23
What are the prime factors of 124?
2, 31
What are the prime factors of 1259?
1259
What are the prime factors of 11708?
2, 2927
List the prime factors of 55335.
3, 5, 7, 17, 31
What are the prime factors of 1568?
2, 7
What are the prime factors of 27282?
2, 3, 4547
What are the prime factors of 9657?
3, 29, 37
List the prime factors of 64026.
2, 3, 3557
What are the prime factors of 1156?
2, 17
What are the prime factors